rime number?
True
Is 18703983 a composite number?
True
Is 42422243 composite?
False
Is 16460107 a composite number?
False
Is 11830639 prime?
False
Is 21324317 a prime number?
False
Is 77180981 a composite number?
False
Is 41735957 composite?
True
Is 429943 composite?
False
Is 6253859 a prime number?
True
Is 267582503 a composite number?
False
Is 7830437 composite?
False
Is 201786397 prime?
True
Is 5254783 composite?
True
Is 9850067 a composite number?
False
Is 346867 prime?
True
Is 45680833 a prime number?
False
Is 50617399 a composite number?
True
Is 26007361 composite?
False
Is 15533107 a composite number?
True
Is 4737217 a prime number?
True
Is 39521423 a composite number?
True
Is 21130403 a composite number?
True
Is 31087891 a composite number?
False
Is 1935227 a prime number?
False
Is 59156459 prime?
False
Is 42543481 a prime number?
True
Is 2593246 a prime number?
False
Is 168013 composite?
False
Is 11324333 a composite number?
False
Is 18128237 a composite number?
False
Is 40878503 a composite number?
False
Is 6942347 prime?
False
Is 1707931 prime?
True
Is 21079823 a composite number?
False
Is 425745205 a composite number?
True
Is 1353469 a composite number?
True
Is 2554663 a composite number?
False
Is 100700137 a composite number?
False
Is 47497607 a prime number?
True
Is 167127365 composite?
True
Is 55347917 a prime number?
True
Is 1067633 prime?
False
Is 19670493 a prime number?
False
Is 35753255 prime?
False
Is 3146413 a prime number?
False
Is 23385413 a composite number?
False
Is 12177497 a prime number?
True
Is 239007419 composite?
True
Is 1389001 a composite number?
False
Is 56656394 a composite number?
True
Is 15847915 a composite number?
True
Is 40535551 prime?
False
Is 291629 prime?
False
Is 120283259 prime?
False
Is 23948363 composite?
False
Is 16441069 a composite number?
True
Is 20133167 prime?
False
Is 636485926 a prime number?
False
Is 7719619 prime?
False
Is 18020023 composite?
True
Is 9875353 prime?
False
Is 25515743 composite?
True
Is 790955563 a composite number?
False
Is 801599 prime?
False
Is 20957179 composite?
True
Is 3226165 a composite number?
True
Is 2178657047 a composite number?
True
Is 175197203 prime?
True
Is 643561 a prime number?
False
Is 3104653 prime?
False
Is 172431439 composite?
False
Is 4091195 a composite number?
True
Is 112164727 a prime number?
False
Is 3482617 a composite number?
True
Is 105688027 a prime number?
False
Is 22561489 prime?
True
Is 54141427 a prime number?
False
Is 8156215 prime?
False
Is 416147 prime?
True
Is 14274209 a prime number?
True
Is 1949501 a prime number?
True
Is 275696315 a composite number?
True
Is 716732243 a prime number?
False
Is 37920131 prime?
True
Is 437249 a composite number?
True
Is 553014303 a prime number?
False
Is 9625339 a composite number?
True
Is 2888671 composite?
False
Is 180619063 a composite number?
True
Is 394665803 composite?
True
Is 1930477 composite?
False
Is 1319827 a composite number?
True
Is 6700831 a prime number?
True
Is 10366529 composite?
False
Is 6345617 prime?
True
Is 84263 prime?
True
Is 2694811 a composite number?
True
Is 87254 a prime number?
False
Is 44761057 composite?
True
Is 1434337 a prime number?
True
Is 17631403 composite?
False
Is 22161499 prime?
True
Is 19279383 a prime number?
False
Is 34749319 a prime number?
False
Is 285650987 a prime number?
False
Is 5599651 a composite number?
False
Is 9509107 a prime number?
False
Is 465065579 prime?
False
Is 124088983 prime?
False
Is 3723773 a composite number?
False
Is 124501409 a prime number?
True
Is 6063539 a composite number?
False
Is 2249693 a composite number?
False
Is 1396853 a prime number?
False
Is 5197 a prime number?
True
Is 20964553 a prime number?
False
Is 28644127 prime?
False
Is 457377 prime?
False
Is 106106041 a composite number?
True
Is 429463993 a prime number?
False
Is 2751941 a prime number?
False
Is 1423829 composite?
True
Is 55930841 prime?
True
Is 30415933 a composite number?
False
Is 13407791 a composite number?
False
Is 428861 composite?
True
Is 8866903 prime?
True
Is 19156273 composite?
False
Is 411701 prime?
False
Is 15490991 a composite number?
False
Is 1174607 prime?
False
Is 21248483 prime?
False
Is 9618857 a prime number?
False
Is 16486303 composite?
False
Is 150190661 a composite number?
False
Is 1726819 composite?
True
Is 332637701 prime?
False
Is 6521353 composite?
True
Is 81852863 a prime number?
True
Is 805633 a prime number?
True
Is 365355373 prime?
False
Is 1502537 composite?
True
Is 123291421 prime?
False
Is 204128579 composite?
True
Is 38060159 composite?
False
Is 3893707 prime?
True
Is 221130361 a prime number?
True
Is 15236185 a prime number?
False
Is 15533629 prime?
False
Is 573283 composite?
True
Is 4344649 composite?
False
Is 183873353 composite?
True
Is 3699429 composite?
True
Is 2013163 a prime number?
True
Is 1665421 a prime number?
True
Is 314644829 a composite number?
False
Is 179162653 composite?
False
Is 1299029 a composite number?
False
Is 9937043 prime?
True
Is 2621693 prime?
True
Is 143659669 a composite number?
False
Is 1155259 a composite number?
True
Is 135444121 a composite number?
False
Is 10230169 a prime number?
True
Is 9196181 prime?
False
Is 19274389 composite?
False
Is 1045461 a composite number?
True
Is 290538257 a prime number?
True
Is 1299533 a prime number?
True
Is 3341389 a prime number?
True
Is 61837813 a composite number?
True
Is 1326301 a prime number?
True
Is 12602671 prime?
False
Is 8642427 prime?
False
Is 232280527 a composite number?
False
Is 24013203 a composite number?
True
Is 13675009 a prime number?
True
Is 917185 a composite number?
True
Is 3184639 a prime number?
True
Is 68116507 prime?
True
Is 7569151 prime?
False
Is 3698201 composite?
True
Is 28273583 a composite number?
True
Is 84996533 a prime number?
True
Is 240549373 composite?
False
Is 1159463 a composite number?
False
Is 2949901 prime?
True
Is 12903329 composite?
True
Is 935933 composite?
True
Is 349472941 composite?
True
Is 1879603 a prime number?
False
Is 1757123 composite?
True
Is 2284619 prime?
False
Is 24760355 prime?
False
Is 4124449 a composite number?
True
Is 3666953 a composite number?
True
Is 22232759 a prime number?
True
Is 1558517 a composite number?
False
Is 1754341 a prime number?
False
Is 3395531 a composite number?
False
Is 314311 composite?
True
Is 278843143 a composite number?
True
Is 58160065 a prime number?
False
Is 8538757 a prime number?
False
Is 27055277 composite?
False
Is 2523473 prime?
True
Is 153882655 composite?
True
Is 95591 a prime number?
False
Is 32534389 prime?
True
Is 4571581 composite?
True
Is 3413341 composite?
True
Is 21234406 a composite number?
True
Is 603843 composite?
True
Is 40274987 prime?
False
Is 12476437 a prime number?
False
Is 89260817 a composite number?
True
Is 2862991 prime?
True
Is 72779677 a composite number?
False
Is 3974981 a composite number?
False
Is 2894509 prime?
True
Is 2263619 composite?
False
Is 228947779 prime?
False
Is 7184513 a prime number?
False
Is 9996359 prime?
True
Is 54838327 a prime number?
False
Is 22063759 a composite number?
False
Is 121329457 composite?
True
Is 26865017 a prime number?
False
Is 1210645 a composite number?
True
Is 115909543 a composite number?
False
Is 1597229 prime?
True
Is 96527461 a prime number?
False
Is 5673307 a prime number?
False
Is 3035699 a composite number?
True
Is 1424641 a composite number?
True
Is 7034779 a composite number?
False
Is 282407 a composite number?
False
Is 29823 composite?
True
Is 1837151 a prime number?
True
Is 606090995 a prime number?
False
Is 67415518 a composite number?
True
Is 271757039 prime?
True
Is 280657229 prime?
False
Is 632713 a composite number?
False
Is 163573169 a composite number?
False
Is 23806661 composite?
True
Is 22998923 composite?
False
Is 28864331 a prime number?
False
Is 237592931 a prime number?
False
Is 2658497 a prime number?
True
Is 3363649715 composite?
True
Is 95065871 a prime number?
False
Is 15932471 prime?
False
Is 1346413 composite?
True
Is 18983557 composite?
False
Is 36823559 prime?
False
Is 14532403 prime?
True
Is 14295821 a prime number?
True
Is 1457843 a prime number?
False
Is 838404217 prime?
False
Is 127212509 prime?
True
Is 8398547 a composite number?
False
Is 3399335 a prime number?